{"id":7509,"date":"2020-06-28T22:05:16","date_gmt":"2020-06-29T03:05:16","guid":{"rendered":"https:\/\/balanceproducts.com.ec\/site\/elyxus-beauty-2-2\/"},"modified":"2022-09-27T16:25:15","modified_gmt":"2022-09-27T21:25:15","slug":"canna-vitale-cbd-oil","status":"publish","type":"page","link":"https:\/\/balanceproducts.com.ec\/site\/canna-vitale-cbd-oil\/","title":{"rendered":"Cannabis Sativa"},"content":{"rendered":"<p><section class=\"kc-elm kc-css-864037 kc_row\"><div class=\"kc-row-container  kc-container\"><div class=\"kc-wrap-columns\"><div class=\"kc-elm kc-css-760923 kc_col-sm-5 kc_column kc_col-sm-5\"><div class=\"kc-col-container\">\n\t<div class=\"kc-elm kc-css-552860 kc_shortcode kc_video_play kc_video_wrapper\">\n\t\t\t\t\t\t\t\t<video width=\"600\" height=\"338.98305084746\" controls>\n\t\t\t\t<source src=\"https:\/\/balanceproducts.com.ec\/site\/wp-content\/uploads\/2022\/01\/cannabis-j3nxs71o_L3Jld0hW-1.mp4\" type=\"video\/mp4\">\n\t\t\t\tYour browser does not support the video tag.\t\t\t<\/video>\n\n\t\t\t<\/div>\n\n<div class=\"kc-elm kc-css-110622 kc_text_block\"><\/p>\n<p><span style=\"font-size: 8pt;\">Bibliograf\u00eda: Fundaci\u00f3n CANNA<br \/><\/span><em style=\"font-size: 8pt; font-family: -apple-system, BlinkMacSystemFont, \"Segoe UI\", Roboto, Oxygen-Sans, Ubuntu, Cantarell, \"Helvetica Neue\", sans-serif;\"><span style=\"font-family: Verdana, Geneva;\">Investigaci\u00f3n cient\u00edfica y an\u00e1lisis del Cannabis<\/span><\/em><\/p>\n<p>\n<\/div><\/div><\/div><div class=\"kc-elm kc-css-685293 kc_col-sm-1 kc_column kc_col-sm-1\"><div class=\"kc-col-container\"><div class=\"kc-elm kc-css-739795\" style=\"height: 20px; clear: both; width:100%;\"><\/div><\/div><\/div><div class=\"kc-elm kc-css-241341 kc_col-sm-6 kc_column kc_col-sm-6\"><div class=\"kc-col-container\"><div class=\"kc-elm kc-css-625195 kc_text_block\"><\/p>\n<p><span style=\"font-family: Verdana, Geneva; font-size: 14pt;\">Durante muchos a\u00f1os se han cultivado selectivamente plantas de Cannabis Sativa.<\/span><\/p>\n<p><span style=\"font-family: Verdana, Geneva; font-size: 14pt;\">Algunas de \u00e9stas plantas fueron cultivadas por su\u00a0<span style=\"font-weight: 600;\">potencial medicinal<\/span>\u00a0y\u00a0<span style=\"font-weight: 600;\">efecto psicoactivo<\/span>, a \u00e9stas plantas se las conoce ahora como plantas de\u00a0<span style=\"font-weight: 600;\">Marihuana<\/span>.<\/span><\/p>\n<p><span style=\"font-family: Verdana, Geneva; font-size: 14pt;\">Otras plantas de Cannabis\u00a0 se cultivaron por sus fibras y semillas\u00a0 para ser usadas en la elaboraci\u00f3n de\u00a0 textiles,\u00a0 industria alimenticia,\u00a0<span style=\"font-weight: 600;\">suplementos<\/span>\u00a0y medicinas, a \u00e9stas plantas se las conoce ahora como plantas de\u00a0<span style=\"font-weight: 600;\">C\u00e1\u00f1amo Industrial<\/span>\u00a0o\u00a0<span style=\"font-weight: 600;\">HEMP<\/span><\/span><\/p>\n<p>\n<\/div><\/div><\/div><\/div><\/div><\/section><section class=\"kc-elm kc-css-314660 kc_row\"><div class=\"kc-row-container  kc-container\"><div class=\"kc-wrap-columns\"><div class=\"kc-elm kc-css-119246 kc_col-sm-12 kc_column kc_col-sm-12\"><div class=\"kc-col-container\"><div class=\"kc-elm kc-css-311230\" style=\"height: 20px; clear: both; width:100%;\"><\/div><div class=\"kc-elm kc-css-599152\" style=\"height: 20px; clear: both; width:100%;\"><\/div><div class=\"kc-elm kc-css-304872\" style=\"height: 20px; clear: both; width:100%;\"><\/div><\/div><\/div><\/div><\/div><\/section><section class=\"kc-elm kc-css-47233 kc_row\"><div class=\"kc-row-container  kc-container\"><div class=\"kc-wrap-columns\"><div class=\"kc-elm kc-css-319311 kc_col-sm-3 kc_column kc_col-sm-3\"><div class=\"kc-col-container\"><div class=\"kc-elm kc-css-20096 kc_shortcode kc_single_image\">\n\n        <img decoding=\"async\" src=\"https:\/\/balanceproducts.com.ec\/site\/wp-content\/uploads\/2022\/01\/Cannabis-sativa-can\u0303amo.png\" class=\"\" alt=\"\" \/>    <\/div>\n<div class=\"kc-elm kc-css-750205\" style=\"height: 20px; clear: both; width:100%;\"><\/div><div class=\"kc-elm kc-css-183197\" style=\"height: 20px; clear: both; width:100%;\"><\/div>\n<div class=\"kc-elm kc-css-137575\">\n\t<a class=\"kc_button\" href=\"https:\/\/balanceproducts.com.ec\/site\/canna-vitale-cbd-oil-2\/\" target=\"_self\" title=\"C\u00f3noce m\u00e1s sobre el c\u00e1\u00f1amo\" onclick=\"\">\n\t\tConoce m\u00e1s sobre el C\u00e1\u00f1amo\t<\/a>\n<\/div>\n<\/div><\/div><div class=\"kc-elm kc-css-131134 kc_col-sm-2 kc_column kc_col-sm-2\"><div class=\"kc-col-container\"><div class=\"kc-elm kc-css-668654\" style=\"height: 20px; clear: both; width:100%;\"><\/div><\/div><\/div><div class=\"kc-elm kc-css-997605 kc_col-sm-3 kc_column kc_col-sm-3\"><div class=\"kc-col-container\"><div class=\"kc-elm kc-css-713216 kc_shortcode kc_single_image\">\n\n        <img decoding=\"async\" src=\"https:\/\/balanceproducts.com.ec\/site\/wp-content\/uploads\/2022\/01\/sistema-endocannavbinoide-humano-.png\" class=\"\" alt=\"\" \/>    <\/div>\n<div class=\"kc-elm kc-css-414841\" style=\"height: 20px; clear: both; width:100%;\"><\/div><div class=\"kc-elm kc-css-990957\" style=\"height: 20px; clear: both; width:100%;\"><\/div>\n<div class=\"kc-elm kc-css-470902\">\n\t<a class=\"kc_button\" href=\"https:\/\/balanceproducts.com.ec\/site\/el-cbd-y-el-sistema-cannabinoide-humano\/\" target=\"_self\" title=\"\" onclick=\"\">\n\t\tEl CBD y el sistema Endocannabinoide humano\t<\/a>\n<\/div>\n<\/div><\/div><div class=\"kc-elm kc-css-932639 kc_col-sm-1 kc_column kc_col-sm-1\"><div class=\"kc-col-container\"><div class=\"kc-elm kc-css-465472\" style=\"height: 20px; clear: both; width:100%;\"><\/div><\/div><\/div><div class=\"kc-elm kc-css-181228 kc_col-sm-3 kc_column kc_col-sm-3\"><div class=\"kc-col-container\"><div class=\"kc-elm kc-css-399833 kc_shortcode kc_single_image\">\n\n        <img decoding=\"async\" src=\"https:\/\/balanceproducts.com.ec\/site\/wp-content\/uploads\/2022\/09\/canna-vitale-1-300x200-01.jpg\" class=\"\" alt=\"\" \/>    <\/div>\n<div class=\"kc-elm kc-css-258926\" style=\"height: 20px; clear: both; width:100%;\"><\/div><div class=\"kc-elm kc-css-297889\" style=\"height: 20px; clear: both; width:100%;\"><\/div>\n<div class=\"kc-elm kc-css-961374\">\n\t<a class=\"kc_button\" href=\"https:\/\/balanceproducts.com.ec\/site\/el-cbd-y-el-sistema-cannabinoide-humano-2\/\" target=\"_self\" title=\"\" onclick=\"\">\n\t\tCanna Vitale el CBD que hace m\u00e1s por ti\t<\/a>\n<\/div>\n<\/div><\/div><\/div><\/div><\/section><section class=\"kc-elm kc-css-686166 kc_row\"><div class=\"kc-row-container  kc-container\"><div class=\"kc-wrap-columns\"><div class=\"kc-elm kc-css-486929 kc_col-sm-12 kc_column kc_col-sm-12\"><div class=\"kc-col-container\"><div class=\"kc-elm kc-css-453015\" style=\"height: 20px; clear: both; width:100%;\"><\/div><div class=\"kc-elm kc-css-217220\" style=\"height: 20px; clear: both; width:100%;\"><\/div><div class=\"kc-elm kc-css-906436\" style=\"height: 20px; clear: both; width:100%;\"><\/div><\/div><\/div><\/div><\/div><\/section><section class=\"kc-elm kc-css-327393 kc_row\"><div class=\"kc-row-container  kc-container\"><div class=\"kc-wrap-columns\"><div class=\"kc-elm kc-css-420299 kc_col-sm-3 kc_column kc_col-sm-3\"><div class=\"kc-col-container\"><div class=\"kc-elm kc-css-355837 kc_shortcode kc_single_image\">\n\n        <img decoding=\"async\" src=\"https:\/\/balanceproducts.com.ec\/site\/wp-content\/uploads\/2018\/11\/logo_celular.png\" class=\"\" alt=\"\" \/>    <\/div>\n<\/div><\/div><div class=\"kc-elm kc-css-453509 kc_col-sm-3 kc_column kc_col-sm-3\"><div class=\"kc-col-container\"><div class=\"kc-elm kc-css-68640 kc_text_block\"><\/p>\n<p><span style=\"font-size: 10pt;\"><a href=\"https:\/\/balanceproducts.com.ec\/site\/nosotros\/\">Nosotros<\/a><\/span><\/p>\n<p><a href=\"https:\/\/balanceproducts.com.ec\/site\/materiasprimas\/\"><span style=\"font-size: 10pt;\">Materias Primas<\/span><\/a><\/p>\n<p><a href=\"https:\/\/balanceproducts.com.ec\/site\/tienda\/\"><span style=\"font-size: 10pt;\">Tienda Electr\u00f3nica<\/span><\/a><\/p>\n<p><span style=\"font-size: 10pt;\">Productos<\/span><\/p>\n<p><a href=\"https:\/\/balanceproducts.com.ec\/site\/programas\/\"><span style=\"font-size: 10pt;\">Programas<\/span><\/a><\/p>\n<p><a href=\"https:\/\/balanceproducts.com.ec\/site\/contacto\/\"><span style=\"font-size: 10pt;\">Contacto<\/span><\/a><\/p>\n<p>\n<\/div><\/div><\/div><div class=\"kc-elm kc-css-953990 kc_col-sm-3 kc_column kc_col-sm-3\"><div class=\"kc-col-container\"><div class=\"kc-elm kc-css-912132 kc_text_block\"><\/p>\n<p><strong><span style=\"font-size: 10pt;\">Contactos<\/span><\/strong><\/p>\n<p><span style=\"font-size: 10pt;\"><b>Direcci\u00f3n:<br \/><\/b><\/span><span style=\"font-size: 10pt;\">Av. Ponce <\/span><span style=\"font-size: 10pt;\">Enriquez<\/span><span style=\"font-size: 10pt;\">&nbsp;OE1-309 y Pasaje Marcial<\/span><\/p>\n<p><span style=\"font-size: 10pt;\"><strong>Tel\u00e9fono:<br \/><\/strong>02 2343 500<br \/><strong><br \/><\/strong><strong>Correo electr\u00f3nico:<\/strong><br \/>contacto@balanceproducts.com.ec<\/span><\/p>\n<p>\n<\/div><\/div><\/div><div class=\"kc-elm kc-css-317949 kc_col-sm-3 kc_column kc_col-sm-3\"><div class=\"kc-col-container\"><div class=\"kc-elm kc-css-973939 kc_google_maps kc_shortcode\"><div style=\"height: 350px\" class=\"kc-google-maps\"><iframe src=\"https:\/\/www.google.com\/maps\/embed?pb=!1m18!1m12!1m3!1d4246.588050383301!2d-78.48282210589977!3d-0.2927656035353127!2m3!1f0!2f0!3f0!3m2!1i1024!2i768!4f13.1!3m3!1m2!1s0x91d5990456a0d493%3A0xb23e7056f97ea77e!2sBalance%20Products!5e0!3m2!1ses!2sec!4v1610571631580!5m2!1ses!2sec\" width=\"100%\" height=\"350\" frameborder=\"0\" style=\"border:0;\" allowfullscreen=\"\" aria-hidden=\"false\" tabindex=\"0\"><\/iframe><\/div><\/div><\/div><\/div><\/div><\/div><\/section><section class=\"kc-elm kc-css-893653 kc_row\"><div class=\"kc-row-container  kc-container\"><div class=\"kc-wrap-columns\"><div class=\"kc-elm kc-css-481396 kc_col-sm-12 kc_column kc_col-sm-12\"><div class=\"kc-col-container\"><div class=\"kc-elm kc-css-700807\" style=\"height: 20px; clear: both; width:100%;\"><\/div><div class=\"kc-elm kc-css-282985\" style=\"height: 20px; clear: both; width:100%;\"><\/div><div class=\"kc-elm kc-css-69111\" style=\"height: 20px; clear: both; width:100%;\"><\/div><\/div><\/div><\/div><\/div><\/section><\/p>\n","protected":false},"excerpt":{"rendered":"","protected":false},"author":2,"featured_media":0,"parent":0,"menu_order":0,"comment_status":"closed","ping_status":"closed","template":"","meta":{"_joinchat":[],"footnotes":""},"class_list":["post-7509","page","type-page","status-publish","hentry"],"_links":{"self":[{"href":"https:\/\/balanceproducts.com.ec\/site\/wp-json\/wp\/v2\/pages\/7509","targetHints":{"allow":["GET"]}}],"collection":[{"href":"https:\/\/balanceproducts.com.ec\/site\/wp-json\/wp\/v2\/pages"}],"about":[{"href":"https:\/\/balanceproducts.com.ec\/site\/wp-json\/wp\/v2\/types\/page"}],"author":[{"embeddable":true,"href":"https:\/\/balanceproducts.com.ec\/site\/wp-json\/wp\/v2\/users\/2"}],"replies":[{"embeddable":true,"href":"https:\/\/balanceproducts.com.ec\/site\/wp-json\/wp\/v2\/comments?post=7509"}],"version-history":[{"count":95,"href":"https:\/\/balanceproducts.com.ec\/site\/wp-json\/wp\/v2\/pages\/7509\/revisions"}],"predecessor-version":[{"id":10277,"href":"https:\/\/balanceproducts.com.ec\/site\/wp-json\/wp\/v2\/pages\/7509\/revisions\/10277"}],"wp:attachment":[{"href":"https:\/\/balanceproducts.com.ec\/site\/wp-json\/wp\/v2\/media?parent=7509"}],"curies":[{"name":"wp","href":"https:\/\/api.w.org\/{rel}","templated":true}]}}