{"id":7553,"date":"2020-06-28T22:05:16","date_gmt":"2020-06-29T03:05:16","guid":{"rendered":"https:\/\/balanceproducts.com.ec\/site\/energydrops-2\/"},"modified":"2023-07-13T10:04:04","modified_gmt":"2023-07-13T15:04:04","slug":"belleza_salud","status":"publish","type":"page","link":"https:\/\/balanceproducts.com.ec\/site\/belleza_salud\/","title":{"rendered":"Belleza &#038; Salud"},"content":{"rendered":"<p><section class=\"kc-elm kc-css-115739 kc_row\"><div class=\"kc-row-container  kc-container\"><div class=\"kc-wrap-columns\"><div class=\"kc-elm kc-css-285479 kc_col-sm-5 kc_column kc_col-sm-5\"><div class=\"kc-col-container\"><div class=\"kc-elm kc-css-343408\" style=\"height: 20px; clear: both; width:100%;\"><\/div>\n<div class=\"kc-elm kc-css-68857 kc-title-wrap \">\n\n\t<div class=\"kc_title\">\u00bfQu\u00e9 es el col\u00e1geno?<\/div>\n<\/div>\n<div class=\"kc-elm kc-css-872394\" style=\"height: 7px; clear: both; width:100%;\"><\/div><div class=\"kc-elm kc-css-203263 kc_text_block\"><\/p>\n<div align=\"justify\">\n<div align=\"justify\">\n<p class=\"MsoNormal\"><strong><i><span style=\"font-size: 14pt; line-height: 107%; font-family: Verdana, sans-serif; background-image: initial; background-position: initial; background-size: initial; background-repeat: initial; background-attachment: initial; background-origin: initial; background-clip: initial;\">Conoce m\u00e1s del col\u00e1geno y sus beneficios<\/span><\/i><\/strong><b><span lang=\"ES\" style=\"font-size:14.0pt;line-height:107%;font-family:\" verdana\",sans-serif;=\"\" mso-ansi-language:es\"=\"\"><o:p><\/o:p><\/span><\/b><\/p>\n<p class=\"MsoNormal\"><span lang=\"ES\">\u00a0<\/span><\/p>\n<p class=\"MsoNormal\"><span style=\"font-family: Verdana, sans-serif; font-size: 14pt; font-style: inherit;\">El col\u00e1geno es la prote\u00edna\u00a0<\/span><span style=\"font-family: Verdana, sans-serif; font-size: 14pt; font-style: inherit;\">m\u00e1s grande y abundante del cuerpo humano ya que representa el 25% de la\u00a0<\/span><span style=\"font-family: Verdana, sans-serif; font-size: 14pt; font-style: inherit;\">prote\u00edna total. Los humanos tenemos 28 diferentes tipos de col\u00e1genos y los\u00a0<\/span><span style=\"font-family: Verdana, sans-serif; font-size: 14pt; font-style: inherit;\">tenemos en distintas partes de nuestro cuerpo como el cabello, la piel, las\u00a0<\/span><span style=\"font-family: Verdana, sans-serif; font-size: 14pt; font-style: inherit;\">u\u00f1as, los cart\u00edlagos, los huesos, los ligamentos y tendones.<\/span><\/p>\n<p><span style=\"font-family: Verdana, sans-serif; font-size: 14pt; font-style: inherit;\"><br \/><\/span><\/p>\n<p><span style=\"font-family: Verdana, sans-serif; font-size: 14pt; font-style: inherit;\">Tambi\u00e9n\u00a0<\/span><span style=\"font-family: Verdana, sans-serif; font-size: 14pt; font-style: inherit;\">son parte de nuestros vasos sangu\u00edneos. Al estar en varias partes de nuestro cuerpo desempe\u00f1a diferentes funciones como mejorar la salud de nuestro cutis, aliviar nuestras articulaciones, fortalecer los huesos y ayudar al estiramiento de nuestros tendones. As\u00ed mismo promueven la salud y el proceso de recuperaci\u00f3n de nuestro cuerpo.\u00a0<\/span><\/p>\n<p><span style=\"font-family: Verdana, sans-serif; font-size: 14pt; font-style: inherit;\">Al pasar los a\u00f1os nuestro cuerpo empieza a producir menos col\u00e1geno lo que puede provocar dolencias en las articulaciones y huesos, flacidez en nuestra piel, molestias\u00a0<\/span><span style=\"font-family: Verdana, sans-serif; font-size: 14pt; font-style: inherit;\">en nuestro movimiento, entre otros.<\/span><\/p>\n<p><span style=\"font-family: Verdana, sans-serif; font-size: 14pt; font-style: inherit;\"><br \/><\/span><\/p>\n<p><span style=\"font-style: inherit; font-family: Verdana, sans-serif; font-size: 14pt;\">Podemos ayudar a nuestro cuerpo\u00a0<\/span><span style=\"font-style: inherit; font-family: Verdana, sans-serif; font-size: 14pt;\">tomando suplementos y bebidas con col\u00e1geno como Elyxus 10.000 ya que es rica en col\u00e1geno hidrolizado, vitamina B, elastina, CoQ10 y \u00c1cido Hialur\u00f3nico. Con esta bebida podemos mejorar la salud de nuestras articulaciones, piel, huesos, cabello y u\u00f1as.\u00a0<\/span><span style=\"font-family: Verdana, sans-serif; font-size: 14pt; font-style: inherit;\"><br \/><\/span><\/p>\n<p><span style=\"font-family: Verdana, sans-serif; font-size: 14pt; font-style: inherit;\"><br \/><\/span><\/p>\n<\/p>\n<div class=\"o9v6fnle cxmmr5t8 oygrvhab hcukyx3x c1et5uql ii04i59q\">\n<div dir=\"auto\">\n<\/div>\n<\/div>\n<\/div>\n<\/div>\n<p>\n<\/div><\/div><\/div><div class=\"kc-elm kc-css-37944 kc_col-sm-1 kc_column kc_col-sm-1\"><div class=\"kc-col-container\"><div class=\"kc-elm kc-css-548359\" style=\"height: 0px; clear: both; width:100%;\"><\/div><\/div><\/div><div class=\"kc-elm kc-css-767906 kc_col-sm-6 kc_column kc_col-sm-6\"><div class=\"kc-col-container\"><div class=\"kc-elm kc-css-348700\" style=\"height: 20px; clear: both; width:100%;\"><\/div><div class=\"kc-elm kc-css-9919 kc_shortcode kc_single_image\">\n\n        <img decoding=\"async\" src=\"https:\/\/balanceproducts.com.ec\/site\/wp-content\/uploads\/2023\/01\/shutterstock_2174716337-scaled.jpg\" class=\"\" alt=\"\" \/>    <\/div>\n<div class=\"kc-elm kc-css-575721\" style=\"height: 20px; clear: both; width:100%;\"><\/div><div class=\"kc-elm kc-css-30293\" style=\"height: 20px; clear: both; width:100%;\"><\/div><div class=\"kc-elm kc-css-361506 kc_text_block\"><\/p>\n<p><span style=\"font-family: Verdana, sans-serif; font-size: 14pt; text-align: justify; font-style: inherit;\">Se recomienda\u00a0<\/span><span style=\"font-family: Verdana, sans-serif; font-size: 14pt; text-align: justify; font-style: inherit;\">tomar col\u00e1geno diariamente.<br \/>La combinaci\u00f3n de col\u00e1geno y \u00e1cido hialur\u00f3nico tambi\u00e9n tiene efectos positivos sobre m\u00fasculos y articulaciones ya que ayuda a disminuir el dolor y mejora la movilidad de las articulaciones para as\u00ed prevenir lesiones o tendinitis.\u00a0<\/span><\/p>\n<p><span style=\"font-family: Verdana, sans-serif; font-size: 14pt; text-align: justify; font-style: inherit;\">Previene los s\u00edntomas de osteoporosis tambi\u00e9n al actuar como lubricante para cart\u00edlagos y ligamentos.<\/span><\/p>\n<p class=\"MsoNormal\" style=\"text-align:justify\"><span style=\"font-size:14.0pt; line-height:107%;font-family:\" verdana\",sans-serif\"=\"\"><o:p><\/o:p><\/span><\/p>\n<p><span style=\"font-family: Verdana, sans-serif; font-size: 14pt; text-align: justify; font-style: inherit;\">En conclusi\u00f3n,\u00a0<\/span><span style=\"font-family: Verdana, sans-serif; font-size: 14pt; text-align: justify; font-style: inherit;\">podemos ayudar a nuestro cuerpo consumiendo col\u00e1geno por sus diversas propiedades y m\u00faltiples beneficios hacia la salud.<\/span><\/p>\n<p class=\"MsoNormal\" style=\"text-align: justify;\">\n<p><span style=\"font-family: Verdana, sans-serif; font-size: 14pt; text-align: justify; font-style: inherit;\">\u00a0<\/span><\/p>\n<p class=\"MsoNormal\" style=\"text-align: justify;\">\n<p class=\"MsoNormal\" style=\"text-align: center;\">\n<\/div><div class=\"kc-elm kc-css-840231 kc_shortcode kc_single_image\">\n\n        <img decoding=\"async\" src=\"https:\/\/balanceproducts.com.ec\/site\/wp-content\/uploads\/2023\/01\/pexels-yan-krukau-8436587-scaled.jpg\" class=\"\" alt=\"\" \/>    <\/div>\n<\/div><\/div><\/div><\/div><\/section><section class=\"kc-elm kc-css-375758 kc_row\"><div class=\"kc-row-container  kc-container\"><div class=\"kc-wrap-columns\"><div class=\"kc-elm kc-css-792627 kc_col-sm-12 kc_column kc_col-sm-12\"><div class=\"kc-col-container\"><div class=\"kc-elm kc-css-25003\" style=\"height: 20px; clear: both; width:100%;\"><\/div><div class=\"kc-elm kc-css-432631\" style=\"height: 20px; clear: both; width:100%;\"><\/div><div class=\"kc-elm kc-css-375558\" style=\"height: 20px; clear: both; width:100%;\"><\/div>\n<div class=\"kc-elm kc-css-198614 divider_line\">\n\t<div class=\"divider_inner divider_line1\">\n\t\t\t<\/div>\n<\/div>\n<div class=\"kc-elm kc-css-179926\" style=\"height: 20px; clear: both; width:100%;\"><\/div><div class=\"kc-elm kc-css-674586\" style=\"height: 20px; clear: both; width:100%;\"><\/div><div class=\"kc-elm kc-css-763467\" style=\"height: 20px; clear: both; width:100%;\"><\/div><\/div><\/div><\/div><\/div><\/section><section class=\"kc-elm kc-css-305474 kc_row\"><div class=\"kc-row-container  kc-container\"><div class=\"kc-wrap-columns\"><div class=\"kc-elm kc-css-355852 kc_col-sm-6 kc_column kc_col-sm-6\"><div class=\"kc-col-container\"><div class=\"kc-elm kc-css-143887 kc_shortcode kc_single_image\">\n\n        <img decoding=\"async\" src=\"https:\/\/balanceproducts.com.ec\/site\/wp-content\/uploads\/2023\/01\/NK-Blog-9.png\" class=\"\" alt=\"\" \/>    <\/div>\n<div class=\"kc-elm kc-css-732620\" style=\"height: 20px; clear: both; width:100%;\"><\/div><div class=\"kc-elm kc-css-652904\" style=\"height: 20px; clear: both; width:100%;\"><\/div><div class=\"kc-elm kc-css-624904\" style=\"height: 20px; clear: both; width:100%;\"><\/div><div class=\"kc-elm kc-css-181676 kc_text_block\"><\/p>\n<div class=\"o9v6fnle cxmmr5t8 oygrvhab hcukyx3x c1et5uql ii04i59q\">\n<div dir=\"auto\"><span style=\"font-family: Verdana, Geneva; font-size: 14pt;\"><em><strong>La importancia de cuidar nuestra piel<\/strong><\/em><\/span><\/div>\n<div dir=\"auto\">\u00a0<\/div>\n<div dir=\"auto\" style=\"text-align: left;\"><span style=\"font-family: Verdana, Geneva; font-size: 14pt;\">Hay varios f<\/span><span style=\"font-family: Verdana, sans-serif; font-size: 14pt; font-style: inherit;\">actores externos que deterioran la piel tales como el clima, la luz artificial, el sol y el no uso de bloqueador solar. Principalmente el factor clave es la p\u00e9rdida de col\u00e1geno.<br \/>El col\u00e1geno es una prote\u00edna fibrosa que act\u00faa como estructura de soporte en nuestra piel, y cuando empezamos a perderlo se crean irregularidades en esta capa de piel. La t\u00e9cnica del yoga facial se basa en tonificar los m\u00fasculos del rostro para que mientras sigan pasando los a\u00f1os el m\u00fasculo se mantenga firme.<br \/>El cutis permanece m\u00e1s terso y ayuda con la flexibilidad de tu piel.\u00a0<\/span><\/div>\n<div dir=\"auto\" style=\"text-align: left;\"><span style=\"font-family: Verdana, sans-serif; font-size: 14pt; font-style: inherit;\">\u00a0<\/span><\/div>\n<div dir=\"auto\" style=\"text-align: left;\"><span style=\"font-family: Verdana, sans-serif; font-size: 14pt; font-style: inherit;\">As\u00ed como el deporte, el yoga facial puede ser practicado por cualquier persona a cualquier edad\/sexo; siempre y cuando tenga la capacitaci\u00f3n de como realizar estos ejercicios correctamente. Se basa en distintas poses para cada parte del rostro desde la frente hasta el cuello, por lo que tambi\u00e9n tiene beneficios para la postura.<\/span><\/div>\n<\/div>\n<div dir=\"auto\" style=\"text-align: left;\">\u00a0<\/div>\n<div class=\"o9v6fnle cxmmr5t8 oygrvhab hcukyx3x c1et5uql ii04i59q\" style=\"text-align: left;\">\n<div dir=\"auto\">\u00a0<\/div>\n<\/div>\n<div class=\"o9v6fnle cxmmr5t8 oygrvhab hcukyx3x c1et5uql ii04i59q\" style=\"text-align: left;\">\u00a0<\/div>\n<p>\n<\/div><\/div><\/div><div class=\"kc-elm kc-css-217508 kc_col-sm-1 kc_column kc_col-sm-1\"><div class=\"kc-col-container\"><div class=\"kc-elm kc-css-728599\" style=\"height: 0px; clear: both; width:100%;\"><\/div><\/div><\/div><div class=\"kc-elm kc-css-5524 kc_col-sm-5 kc_column kc_col-sm-5\"><div class=\"kc-col-container\"><div class=\"kc-elm kc-css-7618\" style=\"height: 20px; clear: both; width:100%;\"><\/div>\n<div class=\"kc-elm kc-css-109862 kc-title-wrap \">\n\n\t<div class=\"kc_title\">D\u00fao perfecto: Elyxus 10.000 y yoga facial<\/div>\n<\/div>\n<div class=\"kc-elm kc-css-580017\" style=\"height: 7px; clear: both; width:100%;\"><\/div><div class=\"kc-elm kc-css-172274 kc_text_block\"><\/p>\n<div align=\"justify\">\n<p><span style=\"text-align: start; font-style: inherit; font-family: Verdana, Geneva; font-size: 18.6667px;\">Ejercitar\u00a0<\/span><span style=\"text-align: start; font-style: inherit; font-family: Verdana, sans-serif; font-size: 14pt;\">los m\u00fasculos del rostro tiene la misma importancia que trabajar con los del cuerpo. Contamos con aproximadamente m\u00e1s de 40 m\u00fasculos en la cara, y si no los usamos podemos perder su firmeza. En nuestro d\u00eda a d\u00eda trabajamos los m\u00fasculos del rostro haciendo expresiones que no favorecen nuestro proceso natural de\u00a0<\/span><span style=\"font-family: Verdana, sans-serif; font-size: 14pt; font-style: inherit; text-align: start;\">envejecimiento. Hacemos muecas, nos re\u00edmos y tambi\u00e9n nos fruncimos. Al realizar estos movimientos, en su mayor\u00eda involuntarios estamos generando l\u00edneas de expresi\u00f3n que solo se notar\u00e1n m\u00e1s al pasar el tiempo. La raz\u00f3n de esto es porque estamos trabajando los m\u00fasculos, de una manera equivocada. Con el yoga facial se busca hacer todo lo contrario, ejercitar los m\u00fasculos para poder disminuir las l\u00edneas de expresi\u00f3n, crear definici\u00f3n, aportar firmeza y en general mejorar la apariencia de la piel ya que ayuda a que nuestra circulaci\u00f3n mejore.<\/span><\/p>\n<p class=\"MsoNormal\"><span style=\"font-size:14.0pt; line-height:107%;font-family:\" verdana\",sans-serif\"=\"\"><o:p><\/o:p><\/span><\/p>\n<\/div>\n<p>\n<\/div>\n\n<div class=\"image_fadein_slider kc-elm kc-css-916165 \">\n\t\t<div data-delay=\"3000\" class=\"image_fadein\" data-images=\"11915,11922,11913,11921\">\n\t<img decoding=\"async\" src=\"https:\/\/balanceproducts.com.ec\/site\/wp-content\/uploads\/2023\/07\/Elyxus-39-1-scaled.jpg\" \/><img decoding=\"async\" src=\"https:\/\/balanceproducts.com.ec\/site\/wp-content\/uploads\/2023\/07\/Elyxus-27-1-scaled.jpg\" \/><img decoding=\"async\" src=\"https:\/\/balanceproducts.com.ec\/site\/wp-content\/uploads\/2023\/07\/Elyxus-38-scaled.jpg\" \/><img decoding=\"async\" src=\"https:\/\/balanceproducts.com.ec\/site\/wp-content\/uploads\/2023\/07\/Elyxus-9-1-scaled.jpg\" \/>\t<\/div>\n<\/div>\n<\/div><\/div><\/div><\/div><\/section><section class=\"kc-elm kc-css-754904 kc_row\"><div class=\"kc-row-container  kc-container\"><div class=\"kc-wrap-columns\"><div class=\"kc-elm kc-css-241053 kc_col-sm-12 kc_column kc_col-sm-12\"><div class=\"kc-col-container\"><div class=\"kc-elm kc-css-877846\" style=\"height: 20px; clear: both; width:100%;\"><\/div><div class=\"kc-elm kc-css-571093\" style=\"height: 20px; clear: both; width:100%;\"><\/div><div class=\"kc-elm kc-css-44901\" style=\"height: 20px; clear: both; width:100%;\"><\/div>\n<div class=\"kc-elm kc-css-549940 divider_line\">\n\t<div class=\"divider_inner divider_line1\">\n\t\t\t<\/div>\n<\/div>\n<div class=\"kc-elm kc-css-840879\" style=\"height: 20px; clear: both; width:100%;\"><\/div><div class=\"kc-elm kc-css-68560\" style=\"height: 20px; clear: both; width:100%;\"><\/div><div class=\"kc-elm kc-css-502694\" style=\"height: 20px; clear: both; width:100%;\"><\/div><\/div><\/div><\/div><\/div><\/section><section class=\"kc-elm kc-css-732341 kc_row\"><div class=\"kc-row-container  kc-container\"><div class=\"kc-wrap-columns\"><div class=\"kc-elm kc-css-367012 kc_col-sm-5 kc_column kc_col-sm-5\"><div class=\"kc-col-container\"><div class=\"kc-elm kc-css-251099\" style=\"height: 20px; clear: both; width:100%;\"><\/div>\n<div class=\"kc-elm kc-css-95746 kc-title-wrap \">\n\n\t<div class=\"kc_title\">Mascarilla de avena y miel para manos resecas<\/div>\n<\/div>\n<div class=\"kc-elm kc-css-347802\" style=\"height: 7px; clear: both; width:100%;\"><\/div><div class=\"kc-elm kc-css-25578 kc_text_block\"><\/p>\n<div align=\"justify\">\n<div align=\"justify\">\n<p><span style=\"font-family: Verdana, Geneva; font-size: 14pt;\"><strong>\u00bfTus manos dejaron de lucir tersas?<\/strong><\/span><br \/><span style=\"font-family: Verdana, Geneva; font-size: 14pt;\">Si quieres volver a tener unas manos suaves y tersas como antes te recomendamos realizar esta mascarilla de manos a base de avena y miel<\/span><\/p>\n<\/div>\n<div align=\"justify\">\n<p><span style=\"font-family: Verdana, Geneva; font-size: 14pt;\"><strong>La avena\u00a0<\/strong>tiene\u00a0<strong>efecto limpiado<\/strong>r, absorbe la suciedad que se acumula en los poros y\u00a0<strong>evita la deshidrataci\u00f3n<\/strong>\u00a0de la piel.<\/span><\/p>\n<\/div>\n<\/div>\n<p>\n<\/div><\/div><\/div><div class=\"kc-elm kc-css-415565 kc_col-sm-1 kc_column kc_col-sm-1\"><div class=\"kc-col-container\"><div class=\"kc-elm kc-css-856836\" style=\"height: 0px; clear: both; width:100%;\"><\/div><\/div><\/div><div class=\"kc-elm kc-css-397525 kc_col-sm-6 kc_column kc_col-sm-6\"><div class=\"kc-col-container\"><div class=\"kc-elm kc-css-974171 kc_shortcode kc_single_image\">\n\n        <img decoding=\"async\" src=\"https:\/\/balanceproducts.com.ec\/site\/wp-content\/uploads\/2021\/01\/mascarilla-de-manos-.png\" class=\"\" alt=\"\" \/>    <\/div>\n<div class=\"kc-elm kc-css-865108\" style=\"height: 20px; clear: both; width:100%;\"><\/div><div class=\"kc-elm kc-css-267833\" style=\"height: 20px; clear: both; width:100%;\"><\/div><div class=\"kc-elm kc-css-547930\" style=\"height: 20px; clear: both; width:100%;\"><\/div><div class=\"kc-elm kc-css-161019 kc_text_block\"><\/p>\n<div dir=\"auto\"><span style=\"font-family: Verdana, Geneva; font-size: 14pt;\"><em><strong>Necesitamos:<\/strong><\/em><\/span><\/div>\n<div dir=\"auto\"><span style=\"font-family: Verdana, Geneva; font-size: 14pt;\">3 tazas de leche<\/span><br \/><span style=\"font-family: Verdana, Geneva; font-size: 14pt;\">2 tazas de agua<\/span><br \/><span style=\"font-family: Verdana, Geneva; font-size: 14pt;\">4 tazas de avena<\/span><br \/><span style=\"font-family: Verdana, Geneva; font-size: 14pt;\">2 cucharadas de miel<\/span><\/div>\n<div dir=\"auto\">\n<p><span style=\"font-family: Verdana, Geneva; font-size: 14pt;\"><em><strong>Preparaci\u00f3n:<br \/><\/strong><\/em><\/span><\/p>\n<\/div>\n<div dir=\"auto\"><span style=\"font-family: Verdana, Geneva; font-size: 14pt;\">Coloca la leche, el agua y la avena en una olla para calentar.<\/span><\/div>\n<div dir=\"auto\"><span style=\"font-family: Verdana, Geneva; font-size: 14pt;\">Cocina hasta que la avena se haga suave.Vierte la mezcla en un recipiente para remojar tus manos.<\/span><br \/><span style=\"font-family: Verdana, Geneva; font-size: 14pt;\">\u00a0Completa con agua tibia hasta que las manos puedan quedar<\/span><br \/><span style=\"font-family: Verdana, Geneva; font-size: 14pt;\">sumergidas por completo.<\/span><br \/><span style=\"font-family: Verdana, Geneva; font-size: 14pt;\">A\u00f1ade la miel y mezcla.<\/span><br \/><span style=\"font-family: Verdana, Geneva; font-size: 14pt;\">Deja las manos de 15-20 minutos.<\/span><\/div>\n<p>\n<\/div><\/div><\/div><\/div><\/div><\/section><section class=\"kc-elm kc-css-572319 kc_row\"><div class=\"kc-row-container  kc-container\"><div class=\"kc-wrap-columns\"><div class=\"kc-elm kc-css-437745 kc_col-sm-12 kc_column kc_col-sm-12\"><div class=\"kc-col-container\"><div class=\"kc-elm kc-css-558279\" style=\"height: 20px; clear: both; width:100%;\"><\/div><div class=\"kc-elm kc-css-155840\" style=\"height: 20px; clear: both; width:100%;\"><\/div><div class=\"kc-elm kc-css-996669\" style=\"height: 20px; clear: both; width:100%;\"><\/div>\n<div class=\"kc-elm kc-css-220517 kc-pro-button kc-button-3\">\n\t<a href=\"https:\/\/balanceproducts.com.ec\/site\/programas\/\" title=\"VOLVER ATR\u00c1S\">\n\t\t<span class=\"creative_title\">Volver atr\u00e1s<\/span>\t<\/a>\n<\/div>\n<\/div><\/div><\/div><\/div><\/section><section class=\"kc-elm kc-css-18390 kc_row\"><div class=\"kc-row-container  kc-container\"><div class=\"kc-wrap-columns\"><div class=\"kc-elm kc-css-210925 kc_col-sm-12 kc_column kc_col-sm-12\"><div class=\"kc-col-container\"><div class=\"kc-elm kc-css-734980\" style=\"height: 20px; clear: both; width:100%;\"><\/div><div class=\"kc-elm kc-css-869731\" style=\"height: 20px; clear: both; width:100%;\"><\/div><div class=\"kc-elm kc-css-609045\" style=\"height: 20px; clear: both; width:100%;\"><\/div><div class=\"kc-elm kc-css-970615\" style=\"height: 20px; clear: both; width:100%;\"><\/div><div class=\"kc-elm kc-css-764010\" style=\"height: 20px; clear: both; width:100%;\"><\/div><div class=\"kc-elm kc-css-441459\" style=\"height: 20px; clear: both; width:100%;\"><\/div><\/div><\/div><\/div><\/div><\/section><section class=\"kc-elm kc-css-838187 kc_row\"><div class=\"kc-row-container  kc-container\"><div class=\"kc-wrap-columns\"><div class=\"kc-elm kc-css-21440 kc_col-sm-3 kc_column kc_col-sm-3\"><div class=\"kc-col-container\"><div class=\"kc-elm kc-css-870515 kc_shortcode kc_single_image\">\n\n        <img decoding=\"async\" src=\"https:\/\/balanceproducts.com.ec\/site\/wp-content\/uploads\/2018\/11\/logo_celular.png\" class=\"\" alt=\"\" \/>    <\/div>\n<\/div><\/div><div class=\"kc-elm kc-css-195437 kc_col-sm-3 kc_column kc_col-sm-3\"><div class=\"kc-col-container\"><div class=\"kc-elm kc-css-789060 kc_text_block\"><\/p>\n<p><span style=\"font-size: 10pt;\"><a href=\"https:\/\/balanceproducts.com.ec\/site\/nosotros\/\">Nosotros<\/a><\/span><\/p>\n<p><a href=\"https:\/\/balanceproducts.com.ec\/site\/materiasprimas\/\"><span style=\"font-size: 10pt;\">Materias Primas<\/span><\/a><\/p>\n<p><a href=\"https:\/\/balanceproducts.com.ec\/site\/tienda\/\"><span style=\"font-size: 10pt;\">Tienda Electr\u00f3nica<\/span><\/a><\/p>\n<p><span style=\"font-size: 10pt;\">Productos<\/span><\/p>\n<p><a href=\"https:\/\/balanceproducts.com.ec\/site\/programas\/\"><span style=\"font-size: 10pt;\">Programas<\/span><\/a><\/p>\n<p><a href=\"https:\/\/balanceproducts.com.ec\/site\/contacto\/\"><span style=\"font-size: 10pt;\">Contacto<\/span><\/a><\/p>\n<p>\n<\/div><\/div><\/div><div class=\"kc-elm kc-css-15132 kc_col-sm-3 kc_column kc_col-sm-3\"><div class=\"kc-col-container\"><div class=\"kc-elm kc-css-853158 kc_text_block\"><\/p>\n<p><strong><span style=\"font-size: 10pt;\">Contactos<\/span><\/strong><\/p>\n<p><span style=\"font-size: 10pt;\"><b>Direcci\u00f3n:<br \/><\/b><\/span><span style=\"font-size: 10pt;\">Av. Ponce <\/span><span style=\"font-size: 10pt;\">Enriquez<\/span><span style=\"font-size: 10pt;\">\u00a0OE1-309 y Pasaje Marcial<\/span><\/p>\n<p><span style=\"font-size: 10pt;\"><strong>Tel\u00e9fono:<br \/><\/strong>02 2343 500<br \/><strong><br \/><\/strong><strong>Correo electr\u00f3nico:<\/strong><br \/>contacto@balanceproducts.com.ec<\/span><\/p>\n<p>\n<\/div><\/div><\/div><div class=\"kc-elm kc-css-702231 kc_col-sm-3 kc_column kc_col-sm-3\"><div class=\"kc-col-container\"><div class=\"kc-elm kc-css-254899 kc_google_maps kc_shortcode\"><div style=\"height: 350px\" class=\"kc-google-maps\"><iframe src=\"https:\/\/www.google.com\/maps\/embed?pb=!1m18!1m12!1m3!1d4246.588050383301!2d-78.48282210589977!3d-0.2927656035353127!2m3!1f0!2f0!3f0!3m2!1i1024!2i768!4f13.1!3m3!1m2!1s0x91d5990456a0d493%3A0xb23e7056f97ea77e!2sBalance%20Products!5e0!3m2!1ses!2sec!4v1610571631580!5m2!1ses!2sec\" width=\"100%\" height=\"350\" frameborder=\"0\" style=\"border:0;\" allowfullscreen=\"\" aria-hidden=\"false\" tabindex=\"0\"><\/iframe><\/div><\/div><\/div><\/div><\/div><\/div><\/section><section class=\"kc-elm kc-css-263850 kc_row\"><div class=\"kc-row-container  kc-container\"><div class=\"kc-wrap-columns\"><div class=\"kc-elm kc-css-231647 kc_col-sm-12 kc_column kc_col-sm-12\"><div class=\"kc-col-container\"><div class=\"kc-elm kc-css-389784\" style=\"height: 20px; clear: both; width:100%;\"><\/div><div class=\"kc-elm kc-css-594357\" style=\"height: 20px; clear: both; width:100%;\"><\/div><div class=\"kc-elm kc-css-959490\" style=\"height: 20px; clear: both; width:100%;\"><\/div><\/div><\/div><\/div><\/div><\/section><\/p>\n","protected":false},"excerpt":{"rendered":"","protected":false},"author":2,"featured_media":0,"parent":0,"menu_order":0,"comment_status":"closed","ping_status":"closed","template":"","meta":{"_joinchat":[],"footnotes":""},"class_list":["post-7553","page","type-page","status-publish","hentry"],"_links":{"self":[{"href":"https:\/\/balanceproducts.com.ec\/site\/wp-json\/wp\/v2\/pages\/7553","targetHints":{"allow":["GET"]}}],"collection":[{"href":"https:\/\/balanceproducts.com.ec\/site\/wp-json\/wp\/v2\/pages"}],"about":[{"href":"https:\/\/balanceproducts.com.ec\/site\/wp-json\/wp\/v2\/types\/page"}],"author":[{"embeddable":true,"href":"https:\/\/balanceproducts.com.ec\/site\/wp-json\/wp\/v2\/users\/2"}],"replies":[{"embeddable":true,"href":"https:\/\/balanceproducts.com.ec\/site\/wp-json\/wp\/v2\/comments?post=7553"}],"version-history":[{"count":77,"href":"https:\/\/balanceproducts.com.ec\/site\/wp-json\/wp\/v2\/pages\/7553\/revisions"}],"predecessor-version":[{"id":11923,"href":"https:\/\/balanceproducts.com.ec\/site\/wp-json\/wp\/v2\/pages\/7553\/revisions\/11923"}],"wp:attachment":[{"href":"https:\/\/balanceproducts.com.ec\/site\/wp-json\/wp\/v2\/media?parent=7553"}],"curies":[{"name":"wp","href":"https:\/\/api.w.org\/{rel}","templated":true}]}}