{"id":9132,"date":"2020-06-28T22:05:16","date_gmt":"2020-06-29T03:05:16","guid":{"rendered":"https:\/\/balanceproducts.com.ec\/site\/elyxus-beauty-2-2-2\/"},"modified":"2023-07-13T14:16:07","modified_gmt":"2023-07-13T19:16:07","slug":"elyxus-beauty-informacion","status":"publish","type":"page","link":"https:\/\/balanceproducts.com.ec\/site\/elyxus-beauty-informacion\/","title":{"rendered":"Elyxus Informaci\u00f3n"},"content":{"rendered":"<p><section class=\"kc-elm kc-css-610983 kc_row\"><div class=\"kc-row-container  kc-container\"><div class=\"kc-wrap-columns\"><div class=\"kc-elm kc-css-399994 kc_col-sm-6 kc_column kc_col-sm-6\"><div class=\"kc-col-container\"><div class=\"kc-elm kc-css-539842 kc_shortcode kc_single_image\">\n\n        <img decoding=\"async\" src=\"https:\/\/balanceproducts.com.ec\/site\/wp-content\/uploads\/2023\/05\/Elyxus_nuevo_web_3.png\" class=\"\" alt=\"\" \/>    <\/div>\n<\/div><\/div><div class=\"kc-elm kc-css-654300 kc_col-sm-1 kc_column kc_col-sm-1\"><div class=\"kc-col-container\"><div class=\"kc-elm kc-css-499408\" style=\"height: 0px; clear: both; width:100%;\"><\/div><\/div><\/div><div class=\"kc-elm kc-css-313347 kc_col-sm-5 kc_column kc_col-sm-5\"><div class=\"kc-col-container\"><div class=\"kc-elm kc-css-247506\" style=\"height: 20px; clear: both; width:100%;\"><\/div>\n<div class=\"kc-elm kc-css-884169 kc-title-wrap \">\n\n\t<div class=\"kc_title\">DESCRIPCI\u00d3N<\/div>\n<\/div>\n<div class=\"kc-elm kc-css-690751\" style=\"height: 7px; clear: both; width:100%;\"><\/div><div class=\"kc-elm kc-css-21182 kc_text_block\"><\/p>\n<div align=\"justify\">\n<div align=\"justify\">\n<p><span style=\"font-family: Verdana, Geneva; font-size: 14pt;\"><strong>\u00danica bebida&nbsp;<\/strong><\/span><span style=\"font-family: Verdana, Geneva; font-size: 18.6667px; font-weight: 600; font-style: inherit;\">con 10.000mg&nbsp;<\/span><strong style=\"font-family: Verdana, Geneva; font-size: 14pt; font-style: inherit;\">de col\u00e1geno hidrolizado.<\/strong><\/p>\n<p><span style=\"font-family: Verdana, Geneva; font-size: 14pt;\"><strong>Elyxus 10.000<\/strong>&nbsp;es el secreto para tener la&nbsp;<strong>piel m\u00e1s bonita y firme<\/strong>, ya que contiene&nbsp;<strong>col\u00e1geno hidrolizado<\/strong>, CoQ10<\/span><span style=\"font-family: Verdana, Geneva; font-size: 18.6667px; font-style: inherit;\">, Vitamina E<\/span><span style=\"font-family: Verdana, Geneva; font-size: 14pt; font-style: inherit;\">&nbsp;y&nbsp;<\/span><strong style=\"font-family: Verdana, Geneva; font-size: 14pt; font-style: inherit;\">\u00c1cido Hialur\u00f3nico.<\/strong><\/p>\n<\/div>\n<p><span style=\"font-family: Verdana, Geneva; font-size: 14pt;\">El&nbsp;<strong>col\u00e1geno hidrolizado bebible<\/strong> es&nbsp; de mayor absorci\u00f3n que la del col\u00e1geno en forma de suplementos o alimentos. Esto se debe a que los p\u00e9ptidos de col\u00e1geno son m\u00e1s peque\u00f1os y se absorben m\u00e1s f\u00e1cilmente <\/span><span style=\"font-family: Verdana, Geneva; font-size: 14pt; font-style: inherit;\">en el cuerpo humano y mejora la&nbsp;<\/span><strong style=\"font-family: Verdana, Geneva; font-size: 14pt; font-style: inherit;\">salud<\/strong><span style=\"font-family: Verdana, Geneva; font-size: 14pt; font-style: inherit;\">&nbsp;de tu piel, u\u00f1as, cabello y&nbsp;<\/span><strong style=\"font-family: Verdana, Geneva; font-size: 14pt; font-style: inherit;\">articulaciones<\/strong><span style=\"font-family: Verdana, Geneva; font-size: 14pt; font-style: inherit;\">.<\/span><\/p>\n<\/div>\n<p>\n<\/div><\/div><\/div><\/div><\/div><\/section><section class=\"kc-elm kc-css-631301 kc_row\"><div class=\"kc-row-container  kc-container\"><div class=\"kc-wrap-columns\"><div class=\"kc-elm kc-css-951497 kc_col-sm-12 kc_column kc_col-sm-12\"><div class=\"kc-col-container\"><div class=\"kc-elm kc-css-258570\" style=\"height: 20px; clear: both; width:100%;\"><\/div><div class=\"kc-elm kc-css-518528\" style=\"height: 20px; clear: both; width:100%;\"><\/div><div class=\"kc-elm kc-css-638291\" style=\"height: 20px; clear: both; width:100%;\"><\/div><\/div><\/div><\/div><\/div><\/section><section class=\"kc-elm kc-css-144060 kc_row\"><div class=\"kc-row-container  kc-container\"><div class=\"kc-wrap-columns\"><div class=\"kc-elm kc-css-327619 kc_col-sm-5 kc_column kc_col-sm-5\"><div class=\"kc-col-container\"><div class=\"kc-elm kc-css-92493\" style=\"height: 20px; clear: both; width:100%;\"><\/div>\n<div class=\"kc-elm kc-css-637115 kc-title-wrap \">\n\n\t<div class=\"kc_title\">BENEFICIOS:<\/div>\n<\/div>\n<div class=\"kc-elm kc-css-599028\" style=\"height: 7px; clear: both; width:100%;\"><\/div><div class=\"kc-elm kc-css-463014 kc_text_block\"><\/p>\n<div align=\"justify\">\n<ul>\n<li><span style=\"font-size: 14pt; font-family: Verdana, Geneva;\">Piel m\u00e1s <strong>firme y radiante.\u00a0<\/strong><\/span><\/li>\n<li><span style=\"font-size: 14pt; font-family: Verdana, Geneva;\"><strong>Disminuye\u00a0<\/strong>las l\u00edneas de expresi\u00f3n.<\/span><\/li>\n<li><span style=\"font-size: 14pt; font-family: Verdana, Geneva;\">Huesos y articulaciones <strong>m\u00e1s fuertes.<\/strong><\/span><\/li>\n<li><span style=\"font-size: 14pt; font-family: Verdana, Geneva;\">Incrementa la<strong>\u00a0elasticidad de la piel<\/strong>.<\/span><\/li>\n<li><span style=\"font-family: Verdana, Geneva;\"><span style=\"font-size: 18.6667px;\">Cabello y u\u00f1as <b>m\u00e1s saludables.<\/b><\/span><\/span><\/li>\n<li><span style=\"font-size: 14pt; font-family: Verdana, Geneva;\">Devuelve la\u00a0<strong>vitalidad de tu cabello.<\/strong><\/span><\/li>\n<\/ul>\n<\/div>\n<p>\n<\/div><\/div><\/div><div class=\"kc-elm kc-css-245791 kc_col-sm-1 kc_column kc_col-sm-1\"><div class=\"kc-col-container\"><div class=\"kc-elm kc-css-543899\" style=\"height: 6px; clear: both; width:100%;\"><\/div><\/div><\/div><div class=\"kc-elm kc-css-867905 kc_col-sm-6 kc_column kc_col-sm-6\"><div class=\"kc-col-container\"><div class=\"kc-elm kc-css-900546\" style=\"height: 20px; clear: both; width:100%;\"><\/div><div class=\"kc-elm kc-css-284303 kc_shortcode kc_single_image\">\n\n        <img decoding=\"async\" src=\"https:\/\/balanceproducts.com.ec\/site\/wp-content\/uploads\/2023\/05\/shutterstock_459267280-scaled.jpg\" class=\"\" alt=\"\" \/>    <\/div>\n<\/div><\/div><\/div><\/div><\/section><section class=\"kc-elm kc-css-423558 kc_row\"><div class=\"kc-row-container  kc-container\"><div class=\"kc-wrap-columns\"><div class=\"kc-elm kc-css-115808 kc_col-sm-12 kc_column kc_col-sm-12\"><div class=\"kc-col-container\"><div class=\"kc-elm kc-css-118790\" style=\"height: 20px; clear: both; width:100%;\"><\/div><div class=\"kc-elm kc-css-597949\" style=\"height: 20px; clear: both; width:100%;\"><\/div><div class=\"kc-elm kc-css-55627\" style=\"height: 20px; clear: both; width:100%;\"><\/div><div class=\"kc-elm kc-css-813035\" style=\"height: 20px; clear: both; width:100%;\"><\/div><div class=\"kc-elm kc-css-824007\" style=\"height: 20px; clear: both; width:100%;\"><\/div><div class=\"kc-elm kc-css-626902\" style=\"height: 20px; clear: both; width:100%;\"><\/div><div class=\"kc-elm kc-css-640767\" style=\"height: 20px; clear: both; width:100%;\"><\/div><div class=\"kc-elm kc-css-370744 kc_text_block\"><\/p>\n<p style=\"text-align: center;\"><span style=\"font-family: Verdana, Geneva; font-size: 36pt;\"><b>PRESENTACIONES<\/b><\/span><\/p>\n<p>\n<\/div><div class=\"kc-elm kc-css-676337\" style=\"height: 20px; clear: both; width:100%;\"><\/div><div class=\"kc-elm kc-css-593525\" style=\"height: 20px; clear: both; width:100%;\"><\/div><div class=\"kc-elm kc-css-296988\" style=\"height: 20px; clear: both; width:100%;\"><\/div><\/div><\/div><\/div><\/div><\/section><section class=\"kc-elm kc-css-736855 kc_row\"><div class=\"kc-row-container  kc-container\"><div class=\"kc-wrap-columns\"><div class=\"kc-elm kc-css-412916 kc_col-sm-5 kc_column kc_col-sm-5\"><div class=\"kc-col-container\"><div class=\"kc-elm kc-css-90654\" style=\"height: 20px; clear: both; width:100%;\"><\/div><div class=\"kc-elm kc-css-968027\" style=\"height: 20px; clear: both; width:100%;\"><\/div><div class=\"kc-elm kc-css-821451\" style=\"height: 20px; clear: both; width:100%;\"><\/div><div class=\"kc-elm kc-css-470971 kc_shortcode kc_single_image\">\n\n        <img decoding=\"async\" src=\"https:\/\/balanceproducts.com.ec\/site\/wp-content\/uploads\/2023\/05\/Botella-elyxus-web.png\" class=\"\" alt=\"\" \/>    <\/div>\n<\/div><\/div><div class=\"kc-elm kc-css-904419 kc_col-sm-1 kc_column kc_col-sm-1\"><div class=\"kc-col-container\"><\/div><\/div><div class=\"kc-elm kc-css-390071 kc_col-sm-6 kc_column kc_col-sm-6\"><div class=\"kc-col-container\"><div class=\"kc-elm kc-css-38617\" style=\"height: 20px; clear: both; width:100%;\"><\/div><div class=\"kc-elm kc-css-49556\" style=\"height: 20px; clear: both; width:100%;\"><\/div><div class=\"kc-elm kc-css-896451\" style=\"height: 20px; clear: both; width:100%;\"><\/div><div class=\"kc-elm kc-css-176498\" style=\"height: 20px; clear: both; width:100%;\"><\/div><div class=\"kc-elm kc-css-409523\" style=\"height: 20px; clear: both; width:100%;\"><\/div><div class=\"kc-elm kc-css-635820 kc_text_block\"><\/p>\n<div align=\"justify\">\n<div align=\"justify\">\n<p style=\"text-align: center;\"><span style=\"font-size: 24pt; font-family: Verdana, Geneva;\"><strong>BOTELLAS<\/strong><\/span><\/p>\n<\/div>\n<p style=\"text-align: center;\"><span style=\"font-size: 18.6667px; font-family: Verdana, Geneva;\">350 ml<\/span><\/p>\n<div align=\"justify\">\n<p style=\"text-align: center;\"><span style=\"font-size: 24pt; font-family: Verdana, Geneva;\"><strong>SABORES<\/strong><\/span><\/p>\n<\/div>\n<p style=\"text-align: center;\"><span style=\"font-size: 14pt; font-family: Verdana, Geneva;\">Mango &#8211; Naranja<\/span><\/p>\n<p style=\"text-align: center;\"><span style=\"font-family: Verdana, Geneva; font-size: 14pt;\">Sand\u00eda &#8211; Mora<\/span><\/p>\n<p style=\"text-align: center;\"><span style=\"font-family: Verdana, Geneva; font-size: 14pt;\">Mandarina<\/span><\/p>\n<\/div>\n<p>\n<\/div>\n<div class=\"kc-elm kc-css-819849 kc-pro-button kc-button-6\">\n\t<a href=\"https:\/\/balanceproducts.com.ec\/site\/tienda\/\">\n\t\t<span class=\"creative_title\">COMPRAR AQU\u00cd<\/span>\t<\/a>\n<\/div>\n<\/div><\/div><\/div><\/div><\/section><section class=\"kc-elm kc-css-91506 kc_row\"><div class=\"kc-row-container  kc-container\"><div class=\"kc-wrap-columns\"><div class=\"kc-elm kc-css-700217 kc_col-sm-4 kc_column kc_col-sm-4\"><div class=\"kc-col-container\"><\/div><\/div><div class=\"kc-elm kc-css-27891 kc_col-sm-4 kc_column kc_col-sm-4\"><div class=\"kc-col-container\"><div class=\"kc-elm kc-css-832587 kc_shortcode kc_single_image\">\n\n        <img decoding=\"async\" src=\"https:\/\/balanceproducts.com.ec\/site\/wp-content\/uploads\/2021\/10\/Encuentranos-en-1.jpg\" class=\"\" alt=\"\" \/>    <\/div>\n<\/div><\/div><div class=\"kc-elm kc-css-618692 kc_col-sm-4 kc_column kc_col-sm-4\"><div class=\"kc-col-container\"><\/div><\/div><\/div><\/div><\/section><section class=\"kc-elm kc-css-575314 kc_row\"><div class=\"kc-row-container  kc-container\"><div class=\"kc-wrap-columns\"><div class=\"kc-elm kc-css-973318 kc_col-sm-12 kc_column kc_col-sm-12\"><div class=\"kc-col-container\"><div class=\"kc-elm kc-css-708764\" style=\"height: 20px; clear: both; width:100%;\"><\/div><div class=\"kc-elm kc-css-33565\" style=\"height: 20px; clear: both; width:100%;\"><\/div><div class=\"kc-elm kc-css-178741\" style=\"height: 20px; clear: both; width:100%;\"><\/div><\/div><\/div><\/div><\/div><\/section><section class=\"kc-elm kc-css-189127 kc_row\"><div class=\"kc-row-container  kc-container\"><div class=\"kc-wrap-columns\"><div class=\"kc-elm kc-css-260063 kc_col-sm-2 kc_column kc_col-sm-2\"><div class=\"kc-col-container\"><\/div><\/div><div class=\"kc-elm kc-css-389545 kc_col-sm-2 kc_column kc_col-sm-2\"><div class=\"kc-col-container\"><div class=\"kc-elm kc-css-94 kc_shortcode kc_single_image\">\n\n        <img decoding=\"async\" src=\"https:\/\/balanceproducts.com.ec\/site\/wp-content\/uploads\/2021\/10\/Medicity.png\" class=\"\" alt=\"\" \/>    <\/div>\n<\/div><\/div><div class=\"kc-elm kc-css-748495 kc_col-sm-2 kc_column kc_col-sm-2\"><div class=\"kc-col-container\"><div class=\"kc-elm kc-css-723195 kc_shortcode kc_single_image\">\n\n        <img decoding=\"async\" src=\"https:\/\/balanceproducts.com.ec\/site\/wp-content\/uploads\/2021\/10\/Econo\u0301micas.png\" class=\"\" alt=\"\" \/>    <\/div>\n<\/div><\/div><div class=\"kc-elm kc-css-287374 kc_col-sm-2 kc_column kc_col-sm-2\"><div class=\"kc-col-container\"><div class=\"kc-elm kc-css-9458 kc_shortcode kc_single_image\">\n\n        <img decoding=\"async\" src=\"https:\/\/balanceproducts.com.ec\/site\/wp-content\/uploads\/2021\/10\/Supermaxi.png\" class=\"\" alt=\"\" \/>    <\/div>\n<\/div><\/div><div class=\"kc-elm kc-css-980102 kc_col-sm-2 kc_column kc_col-sm-2\"><div class=\"kc-col-container\"><div class=\"kc-elm kc-css-770482 kc_shortcode kc_single_image\">\n\n        <img decoding=\"async\" src=\"https:\/\/balanceproducts.com.ec\/site\/wp-content\/uploads\/2021\/10\/MEGAMAXI.png\" class=\"\" alt=\"\" \/>    <\/div>\n<\/div><\/div><div class=\"kc-elm kc-css-346564 kc_col-sm-2 kc_column kc_col-sm-2\"><div class=\"kc-col-container\"><\/div><\/div><\/div><\/div><\/section><section class=\"kc-elm kc-css-388327 kc_row\"><div class=\"kc-row-container  kc-container\"><div class=\"kc-wrap-columns\"><div class=\"kc-elm kc-css-698919 kc_col-sm-12 kc_column kc_col-sm-12\"><div class=\"kc-col-container\"><div class=\"kc-elm kc-css-78915\" style=\"height: 20px; clear: both; width:100%;\"><\/div><div class=\"kc-elm kc-css-596478\" style=\"height: 20px; clear: both; width:100%;\"><\/div><div class=\"kc-elm kc-css-752357\" style=\"height: 20px; clear: both; width:100%;\"><\/div><div class=\"kc-elm kc-css-914411\" style=\"height: 20px; clear: both; width:100%;\"><\/div><div class=\"kc-elm kc-css-889530\" style=\"height: 20px; clear: both; width:100%;\"><\/div><div class=\"kc-elm kc-css-157811\" style=\"height: 20px; clear: both; width:100%;\"><\/div><\/div><\/div><\/div><\/div><\/section><section class=\"kc-elm kc-css-423941 kc_row\"><div class=\"kc-row-container  kc-container\"><div class=\"kc-wrap-columns\"><div class=\"kc-elm kc-css-193194 kc_col-sm-3 kc_column kc_col-sm-3\"><div class=\"kc-col-container\"><div class=\"kc-elm kc-css-405780 kc_shortcode kc_single_image\">\n\n        <img decoding=\"async\" src=\"https:\/\/balanceproducts.com.ec\/site\/wp-content\/uploads\/2018\/11\/logo_celular.png\" class=\"\" alt=\"\" \/>    <\/div>\n<\/div><\/div><div class=\"kc-elm kc-css-795707 kc_col-sm-3 kc_column kc_col-sm-3\"><div class=\"kc-col-container\"><div class=\"kc-elm kc-css-851728 kc_text_block\"><\/p>\n<p><span style=\"font-size: 10pt;\"><a href=\"https:\/\/balanceproducts.com.ec\/site\/nosotros\/\">Nosotros<\/a><\/span><\/p>\n<p><a href=\"https:\/\/balanceproducts.com.ec\/site\/materiasprimas\/\"><span style=\"font-size: 10pt;\">Materias Primas<\/span><\/a><\/p>\n<p><a href=\"https:\/\/balanceproducts.com.ec\/site\/tienda\/\"><span style=\"font-size: 10pt;\">Tienda Electr\u00f3nica<\/span><\/a><\/p>\n<p><span style=\"font-size: 10pt;\">Productos<\/span><\/p>\n<p><a href=\"https:\/\/balanceproducts.com.ec\/site\/programas\/\"><span style=\"font-size: 10pt;\">Programas<\/span><\/a><\/p>\n<p><a href=\"https:\/\/balanceproducts.com.ec\/site\/contacto\/\"><span style=\"font-size: 10pt;\">Contacto<\/span><\/a><\/p>\n<p>\n<\/div><\/div><\/div><div class=\"kc-elm kc-css-446425 kc_col-sm-3 kc_column kc_col-sm-3\"><div class=\"kc-col-container\"><div class=\"kc-elm kc-css-304224 kc_text_block\"><\/p>\n<p><strong><span style=\"font-size: 10pt;\">Contactos<\/span><\/strong><\/p>\n<p><span style=\"font-size: 10pt;\"><b>Direcci\u00f3n:<br \/><\/b><\/span><span style=\"font-size: 10pt;\">Av. Ponce <\/span><span style=\"font-size: 10pt;\">Enriquez<\/span><span style=\"font-size: 10pt;\">\u00a0OE1-309 y Pasaje Marcial<\/span><\/p>\n<p><span style=\"font-size: 10pt;\"><strong>Tel\u00e9fono:<br \/><\/strong>02 2343 500<br \/><strong><br \/><\/strong><strong>Correo electr\u00f3nico:<\/strong><br \/>contacto@balanceproducts.com.ec<\/span><\/p>\n<p>\n<\/div><\/div><\/div><div class=\"kc-elm kc-css-596158 kc_col-sm-3 kc_column kc_col-sm-3\"><div class=\"kc-col-container\"><div class=\"kc-elm kc-css-713645 kc_google_maps kc_shortcode\"><div style=\"height: 350px\" class=\"kc-google-maps\"><iframe src=\"https:\/\/www.google.com\/maps\/embed?pb=!1m18!1m12!1m3!1d4246.588050383301!2d-78.48282210589977!3d-0.2927656035353127!2m3!1f0!2f0!3f0!3m2!1i1024!2i768!4f13.1!3m3!1m2!1s0x91d5990456a0d493%3A0xb23e7056f97ea77e!2sBalance%20Products!5e0!3m2!1ses!2sec!4v1610571631580!5m2!1ses!2sec\" width=\"100%\" height=\"350\" frameborder=\"0\" style=\"border:0;\" allowfullscreen=\"\" aria-hidden=\"false\" tabindex=\"0\"><\/iframe><\/div><\/div><\/div><\/div><\/div><\/div><\/section><section class=\"kc-elm kc-css-792033 kc_row\"><div class=\"kc-row-container  kc-container\"><div class=\"kc-wrap-columns\"><div class=\"kc-elm kc-css-952381 kc_col-sm-12 kc_column kc_col-sm-12\"><div class=\"kc-col-container\"><div class=\"kc-elm kc-css-33265\" style=\"height: 20px; clear: both; width:100%;\"><\/div><div class=\"kc-elm kc-css-134944\" style=\"height: 20px; clear: both; width:100%;\"><\/div><div class=\"kc-elm kc-css-70242\" style=\"height: 20px; clear: both; width:100%;\"><\/div><\/div><\/div><\/div><\/div><\/section><\/p>\n","protected":false},"excerpt":{"rendered":"","protected":false},"author":2,"featured_media":0,"parent":0,"menu_order":0,"comment_status":"closed","ping_status":"closed","template":"","meta":{"_joinchat":[],"footnotes":""},"class_list":["post-9132","page","type-page","status-publish","hentry"],"_links":{"self":[{"href":"https:\/\/balanceproducts.com.ec\/site\/wp-json\/wp\/v2\/pages\/9132","targetHints":{"allow":["GET"]}}],"collection":[{"href":"https:\/\/balanceproducts.com.ec\/site\/wp-json\/wp\/v2\/pages"}],"about":[{"href":"https:\/\/balanceproducts.com.ec\/site\/wp-json\/wp\/v2\/types\/page"}],"author":[{"embeddable":true,"href":"https:\/\/balanceproducts.com.ec\/site\/wp-json\/wp\/v2\/users\/2"}],"replies":[{"embeddable":true,"href":"https:\/\/balanceproducts.com.ec\/site\/wp-json\/wp\/v2\/comments?post=9132"}],"version-history":[{"count":13,"href":"https:\/\/balanceproducts.com.ec\/site\/wp-json\/wp\/v2\/pages\/9132\/revisions"}],"predecessor-version":[{"id":11925,"href":"https:\/\/balanceproducts.com.ec\/site\/wp-json\/wp\/v2\/pages\/9132\/revisions\/11925"}],"wp:attachment":[{"href":"https:\/\/balanceproducts.com.ec\/site\/wp-json\/wp\/v2\/media?parent=9132"}],"curies":[{"name":"wp","href":"https:\/\/api.w.org\/{rel}","templated":true}]}}